{"id":29,"date":"2020-12-20T00:19:59","date_gmt":"2020-12-19T22:19:59","guid":{"rendered":"https:\/\/www.highnoon.art\/?page_id=29"},"modified":"2025-04-05T03:38:10","modified_gmt":"2025-04-05T01:38:10","slug":"impressum","status":"publish","type":"page","link":"https:\/\/www.highnoon.art\/fr\/impressum\/","title":{"rendered":"Mentions l\u00e9gales"},"content":{"rendered":"<div data-elementor-type=\"wp-page\" data-elementor-id=\"29\" class=\"elementor elementor-29\" data-elementor-post-type=\"page\">\n\t\t\t\t\t\t<section class=\"elementor-section elementor-top-section elementor-element elementor-element-052d292 elementor-section-boxed elementor-section-height-default elementor-section-height-default\" data-id=\"052d292\" data-element_type=\"section\" data-e-type=\"section\">\n\t\t\t\t\t\t<div class=\"elementor-container elementor-column-gap-default\">\n\t\t\t\t\t<div class=\"elementor-column elementor-col-100 elementor-top-column elementor-element elementor-element-1d1f635\" data-id=\"1d1f635\" data-element_type=\"column\" data-e-type=\"column\">\n\t\t\t<div class=\"elementor-widget-wrap elementor-element-populated\">\n\t\t\t\t\t\t<div class=\"elementor-element elementor-element-fce4f34 elementor-widget elementor-widget-erecht24\" data-id=\"fce4f34\" data-element_type=\"widget\" data-e-type=\"widget\" data-widget_type=\"erecht24.default\">\n\t\t\t\t<div class=\"elementor-widget-container\">\n\t\t\t\t\t<div class=\"erecht24-elementor-widget\"><div style=\"word-wrap: break-word;\"><h1>Mentions l\u00e9gales<\/h1>\n\n<p>Julian Kirschler<br \/>\nPhotographe<br \/>\n10, rue d'Emsdetten<br \/>\nc\/o Postflex #5210<br \/>\n48268 Greven<\/p>\n\n<h2>Contact<\/h2>\n<p>T\u00e9l\u00e9phone : sur demande<br \/>\nCourrier \u00e9lectronique : info@julian-kirschler.com<\/p>\n\n<h2>Responsable de la r\u00e9daction<\/h2>\n<p>Julian Kirschler<br \/>\r\nc\/o Postflex #5210<br \/>\r\n10, rue d'Emsdetten<br \/>\r\n48268 Greven<\/p>\n\n<h2>R\u00e8glement des litiges de l'UE<\/h2>\n<p>La Commission europ\u00e9enne met \u00e0 disposition une plateforme de r\u00e8glement en ligne des litiges (RLL) : <a href=\"https:\/\/ec.europa.eu\/consumers\/odr\/\" target=\"_blank\" rel=\"noopener noreferrer\">https:\/\/ec.europa.eu\/consumers\/odr\/<\/a>.<br \/> Vous trouverez notre adresse e-mail en haut dans les mentions l\u00e9gales.<\/p>\n\n<h2>R\u00e8glement des litiges de consommation\/organe universel de conciliation<\/h2>\n<p>Nous ne sommes pas pr\u00eats ou oblig\u00e9s de participer \u00e0 des proc\u00e9dures de r\u00e8glement des litiges devant un organisme de conciliation des consommateurs.<\/p><\/div><\/div>\t\t\t\t<\/div>\n\t\t\t\t<\/div>\n\t\t\t\t<div class=\"elementor-element elementor-element-9ea2ad2 elementor-widget elementor-widget-html\" data-id=\"9ea2ad2\" data-element_type=\"widget\" data-e-type=\"widget\" data-widget_type=\"html.default\">\n\t\t\t\t<div class=\"elementor-widget-container\">\n\t\t\t\t\t<h3>Responsabilit\u00e9 du contenu<\/h3>\n<p>En tant que prestataire de services, nous sommes responsables, conform\u00e9ment au \u00a7 7 alin\u00e9a 1 de la loi allemande sur les services num\u00e9riques (DDG), de nos propres contenus sur ces pages selon les lois g\u00e9n\u00e9rales. Conform\u00e9ment aux \u00a7\u00a7 8 \u00e0 10 DDG, nous ne sommes toutefois pas tenus, en tant que prestataire de services, de surveiller les informations externes transmises ou enregistr\u00e9es ou de rechercher les circonstances qui indiquent une activit\u00e9 ill\u00e9gale.<\/p>\n<p>Les obligations de supprimer ou de bloquer l'utilisation d'informations conform\u00e9ment aux lois g\u00e9n\u00e9rales restent inchang\u00e9es. Une responsabilit\u00e9 \u00e0 cet \u00e9gard n'est toutefois possible qu'\u00e0 partir du moment o\u00f9 une violation concr\u00e8te de la loi est connue. D\u00e8s la prise de connaissance d'une telle violation de la loi, nous supprimerons imm\u00e9diatement ces contenus.<\/p>\n\n<h3>Responsabilit\u00e9 pour les liens<\/h3>\n<p>Notre offre contient des liens vers des sites web externes de tiers, sur le contenu desquels nous n'avons aucune influence. C'est pourquoi nous ne pouvons pas non plus nous porter garants de ces contenus externes. Le fournisseur ou l'exploitant des pages li\u00e9es est toujours responsable des contenus de ces pages. Les pages li\u00e9es ont \u00e9t\u00e9 contr\u00f4l\u00e9es au moment de la cr\u00e9ation du lien afin de v\u00e9rifier qu'elles ne pr\u00e9sentaient pas d'infraction \u00e0 la loi. Aucun contenu ill\u00e9gal n'a \u00e9t\u00e9 identifi\u00e9 au moment de la cr\u00e9ation des liens.<\/p>\n<p>Un contr\u00f4le permanent du contenu des pages li\u00e9es n'est toutefois pas exigible sans indices concrets d'une violation de la loi. D\u00e8s que nous aurons connaissance d'une violation de la loi, nous supprimerons imm\u00e9diatement les liens concern\u00e9s.<\/p>\n\n<h3>Droits d'auteur &amp; droits d'utilisation<\/h3>\n<p>Les par <strong>Marketing-Brand\u00ae | Leon H\u00fcttl, Maximilianstra\u00dfe 46, 75172 Pforzheim<\/strong> Les contenus, designs et r\u00e9alisations techniques de ce site web sont soumis au droit d'auteur allemand. Sauf accord contraire explicite, tous les droits d'auteur sur les mises en page, textes, programmations et autres r\u00e9alisations cr\u00e9atives cr\u00e9\u00e9s individuellement restent la propri\u00e9t\u00e9 de l'agence.<\/p>\n<p>Dans le cadre de la collaboration, l'exploitant du site s'est vu accorder un droit d'utilisation simple, non exclusif et non transmissible pour l'utilisation du site web \u00e0 ses propres fins. D'autres utilisations - en particulier un traitement ou une transmission \u00e0 des tiers - n\u00e9cessitent un accord s\u00e9par\u00e9 avec Marketing-Brand\u00ae.<\/p>\n<p>Dans la mesure o\u00f9 les contenus de cette page n'ont pas \u00e9t\u00e9 cr\u00e9\u00e9s par nous, les droits d'auteur de tiers sont respect\u00e9s. En particulier, les contenus de tiers sont signal\u00e9s comme tels. Si vous deviez n\u00e9anmoins constater une violation du droit d'auteur, nous vous prions d'en faire un signalement appropri\u00e9. D\u00e8s que des violations de droits seront connues, nous supprimerons imm\u00e9diatement de tels contenus.<\/p>\n\n<p><strong>Stand :<\/strong> Mars 2025<\/p>\n\t\t\t\t<\/div>\n\t\t\t\t<\/div>\n\t\t\t\t\t<\/div>\n\t\t<\/div>\n\t\t\t\t\t<\/div>\n\t\t<\/section>\n\t\t\t\t<\/div>","protected":false},"excerpt":{"rendered":"<p>Impressum Julian Kirschler Fotograf Emsdettener Str. 10 c\/o Postflex #5210 48268 Greven Kontakt Telefon: Auf Anfrage E-Mail: info@julian-kirschler.com Redaktionell verantwortlich Julian Kirschler c\/o Postflex #5210 Emsdettener Str. 10 48268 Greven EU-Streitschlichtung Die Europ&auml;ische Kommission stellt eine Plattform zur Online-Streitbeilegung (OS) bereit: https:\/\/ec.europa.eu\/consumers\/odr\/. Unsere E-Mail-Adresse finden Sie oben im Impressum. Verbraucher&shy;streit&shy;beilegung\/Universal&shy;schlichtungs&shy;stelle Wir sind nicht bereit oder [&hellip;]<\/p>\n","protected":false},"author":1,"featured_media":0,"parent":0,"menu_order":0,"comment_status":"closed","ping_status":"closed","template":"","meta":{"footnotes":""},"class_list":["post-29","page","type-page","status-publish","hentry"],"yoast_head":"<!-- This site is optimized with the Yoast SEO plugin v27.5 - https:\/\/yoast.com\/product\/yoast-seo-wordpress\/ -->\n<title>Impressum - High Noon<\/title>\n<meta name=\"robots\" content=\"noindex, nofollow\" \/>\n<meta property=\"og:locale\" content=\"fr_FR\" \/>\n<meta property=\"og:type\" content=\"article\" \/>\n<meta property=\"og:title\" content=\"Impressum - High Noon\" \/>\n<meta property=\"og:description\" content=\"Impressum Julian Kirschler Fotograf Emsdettener Str. 10 c\/o Postflex #5210 48268 Greven Kontakt Telefon: Auf Anfrage E-Mail: info@julian-kirschler.com Redaktionell verantwortlich Julian Kirschler c\/o Postflex #5210 Emsdettener Str. 10 48268 Greven EU-Streitschlichtung Die Europ&auml;ische Kommission stellt eine Plattform zur Online-Streitbeilegung (OS) bereit: https:\/\/ec.europa.eu\/consumers\/odr\/. Unsere E-Mail-Adresse finden Sie oben im Impressum. Verbraucher&shy;streit&shy;beilegung\/Universal&shy;schlichtungs&shy;stelle Wir sind nicht bereit oder [&hellip;]\" \/>\n<meta property=\"og:url\" content=\"https:\/\/www.highnoon.art\/fr\/impressum\/\" \/>\n<meta property=\"og:site_name\" content=\"High Noon\" \/>\n<meta property=\"article:modified_time\" content=\"2025-04-05T01:38:10+00:00\" \/>\n<meta name=\"twitter:card\" content=\"summary_large_image\" \/>\n<meta name=\"twitter:label1\" content=\"Dur\u00e9e de lecture estim\u00e9e\" \/>\n\t<meta name=\"twitter:data1\" content=\"3 minutes\" \/>\n<script type=\"application\/ld+json\" class=\"yoast-schema-graph\">{\"@context\":\"https:\\\/\\\/schema.org\",\"@graph\":[{\"@type\":\"WebPage\",\"@id\":\"https:\\\/\\\/www.highnoon.art\\\/impressum\\\/\",\"url\":\"https:\\\/\\\/www.highnoon.art\\\/impressum\\\/\",\"name\":\"Impressum - High Noon\",\"isPartOf\":{\"@id\":\"https:\\\/\\\/www.highnoon.art\\\/#website\"},\"datePublished\":\"2020-12-19T22:19:59+00:00\",\"dateModified\":\"2025-04-05T01:38:10+00:00\",\"breadcrumb\":{\"@id\":\"https:\\\/\\\/www.highnoon.art\\\/impressum\\\/#breadcrumb\"},\"inLanguage\":\"fr-FR\",\"potentialAction\":[{\"@type\":\"ReadAction\",\"target\":[\"https:\\\/\\\/www.highnoon.art\\\/impressum\\\/\"]}]},{\"@type\":\"BreadcrumbList\",\"@id\":\"https:\\\/\\\/www.highnoon.art\\\/impressum\\\/#breadcrumb\",\"itemListElement\":[{\"@type\":\"ListItem\",\"position\":1,\"name\":\"Startseite\",\"item\":\"https:\\\/\\\/www.highnoon.art\\\/\"},{\"@type\":\"ListItem\",\"position\":2,\"name\":\"Impressum\"}]},{\"@type\":\"WebSite\",\"@id\":\"https:\\\/\\\/www.highnoon.art\\\/#website\",\"url\":\"https:\\\/\\\/www.highnoon.art\\\/\",\"name\":\"High Noon\",\"description\":\"\",\"publisher\":{\"@id\":\"https:\\\/\\\/www.highnoon.art\\\/#organization\"},\"potentialAction\":[{\"@type\":\"SearchAction\",\"target\":{\"@type\":\"EntryPoint\",\"urlTemplate\":\"https:\\\/\\\/www.highnoon.art\\\/?s={search_term_string}\"},\"query-input\":{\"@type\":\"PropertyValueSpecification\",\"valueRequired\":true,\"valueName\":\"search_term_string\"}}],\"inLanguage\":\"fr-FR\"},{\"@type\":\"Organization\",\"@id\":\"https:\\\/\\\/www.highnoon.art\\\/#organization\",\"name\":\"High Noon\",\"url\":\"https:\\\/\\\/www.highnoon.art\\\/\",\"logo\":{\"@type\":\"ImageObject\",\"inLanguage\":\"fr-FR\",\"@id\":\"https:\\\/\\\/www.highnoon.art\\\/#\\\/schema\\\/logo\\\/image\\\/\",\"url\":\"https:\\\/\\\/www.highnoon.art\\\/wp-content\\\/uploads\\\/2021\\\/07\\\/high-noon_white_moved.jpg\",\"contentUrl\":\"https:\\\/\\\/www.highnoon.art\\\/wp-content\\\/uploads\\\/2021\\\/07\\\/high-noon_white_moved.jpg\",\"width\":1137,\"height\":159,\"caption\":\"High Noon\"},\"image\":{\"@id\":\"https:\\\/\\\/www.highnoon.art\\\/#\\\/schema\\\/logo\\\/image\\\/\"}}]}<\/script>\n<!-- \/ Yoast SEO plugin. -->","yoast_head_json":{"title":"Mentions l\u00e9gales - High Noon","robots":{"index":"noindex","follow":"nofollow"},"og_locale":"fr_FR","og_type":"article","og_title":"Impressum - High Noon","og_description":"Impressum Julian Kirschler Fotograf Emsdettener Str. 10 c\/o Postflex #5210 48268 Greven Kontakt Telefon: Auf Anfrage E-Mail: info@julian-kirschler.com Redaktionell verantwortlich Julian Kirschler c\/o Postflex #5210 Emsdettener Str. 10 48268 Greven EU-Streitschlichtung Die Europ&auml;ische Kommission stellt eine Plattform zur Online-Streitbeilegung (OS) bereit: https:\/\/ec.europa.eu\/consumers\/odr\/. Unsere E-Mail-Adresse finden Sie oben im Impressum. Verbraucher&shy;streit&shy;beilegung\/Universal&shy;schlichtungs&shy;stelle Wir sind nicht bereit oder [&hellip;]","og_url":"https:\/\/www.highnoon.art\/fr\/impressum\/","og_site_name":"High Noon","article_modified_time":"2025-04-05T01:38:10+00:00","twitter_card":"summary_large_image","twitter_misc":{"Dur\u00e9e de lecture estim\u00e9e":"3 minutes"},"schema":{"@context":"https:\/\/schema.org","@graph":[{"@type":"WebPage","@id":"https:\/\/www.highnoon.art\/impressum\/","url":"https:\/\/www.highnoon.art\/impressum\/","name":"Mentions l\u00e9gales - High Noon","isPartOf":{"@id":"https:\/\/www.highnoon.art\/#website"},"datePublished":"2020-12-19T22:19:59+00:00","dateModified":"2025-04-05T01:38:10+00:00","breadcrumb":{"@id":"https:\/\/www.highnoon.art\/impressum\/#breadcrumb"},"inLanguage":"fr-FR","potentialAction":[{"@type":"ReadAction","target":["https:\/\/www.highnoon.art\/impressum\/"]}]},{"@type":"BreadcrumbList","@id":"https:\/\/www.highnoon.art\/impressum\/#breadcrumb","itemListElement":[{"@type":"ListItem","position":1,"name":"Startseite","item":"https:\/\/www.highnoon.art\/"},{"@type":"ListItem","position":2,"name":"Impressum"}]},{"@type":"WebSite","@id":"https:\/\/www.highnoon.art\/#website","url":"https:\/\/www.highnoon.art\/","name":"High Noon","description":"","publisher":{"@id":"https:\/\/www.highnoon.art\/#organization"},"potentialAction":[{"@type":"SearchAction","target":{"@type":"EntryPoint","urlTemplate":"https:\/\/www.highnoon.art\/?s={search_term_string}"},"query-input":{"@type":"PropertyValueSpecification","valueRequired":true,"valueName":"search_term_string"}}],"inLanguage":"fr-FR"},{"@type":"Organization","@id":"https:\/\/www.highnoon.art\/#organization","name":"High Noon","url":"https:\/\/www.highnoon.art\/","logo":{"@type":"ImageObject","inLanguage":"fr-FR","@id":"https:\/\/www.highnoon.art\/#\/schema\/logo\/image\/","url":"https:\/\/www.highnoon.art\/wp-content\/uploads\/2021\/07\/high-noon_white_moved.jpg","contentUrl":"https:\/\/www.highnoon.art\/wp-content\/uploads\/2021\/07\/high-noon_white_moved.jpg","width":1137,"height":159,"caption":"High Noon"},"image":{"@id":"https:\/\/www.highnoon.art\/#\/schema\/logo\/image\/"}}]}},"_links":{"self":[{"href":"https:\/\/www.highnoon.art\/fr\/wp-json\/wp\/v2\/pages\/29","targetHints":{"allow":["GET"]}}],"collection":[{"href":"https:\/\/www.highnoon.art\/fr\/wp-json\/wp\/v2\/pages"}],"about":[{"href":"https:\/\/www.highnoon.art\/fr\/wp-json\/wp\/v2\/types\/page"}],"author":[{"embeddable":true,"href":"https:\/\/www.highnoon.art\/fr\/wp-json\/wp\/v2\/users\/1"}],"replies":[{"embeddable":true,"href":"https:\/\/www.highnoon.art\/fr\/wp-json\/wp\/v2\/comments?post=29"}],"version-history":[{"count":0,"href":"https:\/\/www.highnoon.art\/fr\/wp-json\/wp\/v2\/pages\/29\/revisions"}],"wp:attachment":[{"href":"https:\/\/www.highnoon.art\/fr\/wp-json\/wp\/v2\/media?parent=29"}],"curies":[{"name":"wp","href":"https:\/\/api.w.org\/{rel}","templated":true}]}}

Mentions légales

<div data-elementor-type="wp-page" data-elementor-id="29" class="elementor elementor-29" data-elementor-post-type="page">
						<section class="elementor-section elementor-top-section elementor-element elementor-element-052d292 elementor-section-boxed elementor-section-height-default elementor-section-height-default" data-id="052d292" data-element_type="section" data-e-type="section">
						<div class="elementor-container elementor-column-gap-default">
					<div class="elementor-column elementor-col-100 elementor-top-column elementor-element elementor-element-1d1f635" data-id="1d1f635" data-element_type="column" data-e-type="column">
			<div class="elementor-widget-wrap elementor-element-populated">
						<div class="elementor-element elementor-element-fce4f34 elementor-widget elementor-widget-erecht24" data-id="fce4f34" data-element_type="widget" data-e-type="widget" data-widget_type="erecht24.default">
				<div class="elementor-widget-container">
					<div class="erecht24-elementor-widget"><div style="word-wrap: break-word;"><h1>Mentions légales</h1>

<p>Julian Kirschler<br />
Photographe<br />
10, rue d'Emsdetten<br />
c/o Postflex #5210<br />
48268 Greven</p>

<h2>Contact</h2>
<p>Téléphone : sur demande<br />
Courrier électronique : info@julian-kirschler.com</p>

<h2>Responsable de la rédaction</h2>
<p>Julian Kirschler<br />
c/o Postflex #5210<br />
10, rue d'Emsdetten<br />
48268 Greven</p>

<h2>Règlement des litiges de l'UE</h2>
<p>La Commission européenne met à disposition une plateforme de règlement en ligne des litiges (RLL) : <a href="https://ec.europa.eu/consumers/odr/" target="_blank" rel="noopener noreferrer">https://ec.europa.eu/consumers/odr/</a>.<br /> Vous trouverez notre adresse e-mail en haut dans les mentions légales.</p>

<h2>Règlement des litiges de consommation/organe universel de conciliation</h2>
<p>Nous ne sommes pas prêts ou obligés de participer à des procédures de règlement des litiges devant un organisme de conciliation des consommateurs.</p></div></div>				</div>
				</div>
				<div class="elementor-element elementor-element-9ea2ad2 elementor-widget elementor-widget-html" data-id="9ea2ad2" data-element_type="widget" data-e-type="widget" data-widget_type="html.default">
				<div class="elementor-widget-container">
					<h3>Responsabilité du contenu</h3>
<p>En tant que prestataire de services, nous sommes responsables, conformément au § 7 alinéa 1 de la loi allemande sur les services numériques (DDG), de nos propres contenus sur ces pages selon les lois générales. Conformément aux §§ 8 à 10 DDG, nous ne sommes toutefois pas tenus, en tant que prestataire de services, de surveiller les informations externes transmises ou enregistrées ou de rechercher les circonstances qui indiquent une activité illégale.</p>
<p>Les obligations de supprimer ou de bloquer l'utilisation d'informations conformément aux lois générales restent inchangées. Une responsabilité à cet égard n'est toutefois possible qu'à partir du moment où une violation concrète de la loi est connue. Dès la prise de connaissance d'une telle violation de la loi, nous supprimerons immédiatement ces contenus.</p>

<h3>Responsabilité pour les liens</h3>
<p>Notre offre contient des liens vers des sites web externes de tiers, sur le contenu desquels nous n'avons aucune influence. C'est pourquoi nous ne pouvons pas non plus nous porter garants de ces contenus externes. Le fournisseur ou l'exploitant des pages liées est toujours responsable des contenus de ces pages. Les pages liées ont été contrôlées au moment de la création du lien afin de vérifier qu'elles ne présentaient pas d'infraction à la loi. Aucun contenu illégal n'a été identifié au moment de la création des liens.</p>
<p>Un contrôle permanent du contenu des pages liées n'est toutefois pas exigible sans indices concrets d'une violation de la loi. Dès que nous aurons connaissance d'une violation de la loi, nous supprimerons immédiatement les liens concernés.</p>

<h3>Droits d'auteur &amp; droits d'utilisation</h3>
<p>Les par <strong>Marketing-Brand® | Leon Hüttl, Maximilianstraße 46, 75172 Pforzheim</strong> Les contenus, designs et réalisations techniques de ce site web sont soumis au droit d'auteur allemand. Sauf accord contraire explicite, tous les droits d'auteur sur les mises en page, textes, programmations et autres réalisations créatives créés individuellement restent la propriété de l'agence.</p>
<p>Dans le cadre de la collaboration, l'exploitant du site s'est vu accorder un droit d'utilisation simple, non exclusif et non transmissible pour l'utilisation du site web à ses propres fins. D'autres utilisations - en particulier un traitement ou une transmission à des tiers - nécessitent un accord séparé avec Marketing-Brand®.</p>
<p>Dans la mesure où les contenus de cette page n'ont pas été créés par nous, les droits d'auteur de tiers sont respectés. En particulier, les contenus de tiers sont signalés comme tels. Si vous deviez néanmoins constater une violation du droit d'auteur, nous vous prions d'en faire un signalement approprié. Dès que des violations de droits seront connues, nous supprimerons immédiatement de tels contenus.</p>

<p><strong>Stand :</strong> Mars 2025</p>
				</div>
				</div>
					</div>
		</div>
					</div>
		</section>
				</div>

<!-- This site is optimized with the Yoast SEO plugin v27.5 - https://yoast.com/product/yoast-seo-wordpress/ -->
<title>Impressum - High Noon</title>
<meta name="robots" content="noindex, nofollow" />
<meta property="og:locale" content="fr_FR" />
<meta property="og:type" content="article" />
<meta property="og:title" content="Impressum - High Noon" />
<meta property="og:description" content="Impressum Julian Kirschler Fotograf Emsdettener Str. 10 c/o Postflex #5210 48268 Greven Kontakt Telefon: Auf Anfrage E-Mail: info@julian-kirschler.com Redaktionell verantwortlich Julian Kirschler c/o Postflex #5210 Emsdettener Str. 10 48268 Greven EU-Streitschlichtung Die Europ&auml;ische Kommission stellt eine Plattform zur Online-Streitbeilegung (OS) bereit: https://ec.europa.eu/consumers/odr/. Unsere E-Mail-Adresse finden Sie oben im Impressum. Verbraucher&shy;streit&shy;beilegung/Universal&shy;schlichtungs&shy;stelle Wir sind nicht bereit oder [&hellip;]" />
<meta property="og:url" content="https://www.highnoon.art/fr/impressum/" />
<meta property="og:site_name" content="High Noon" />
<meta property="article:modified_time" content="2025-04-05T01:38:10+00:00" />
<meta name="twitter:card" content="summary_large_image" />
<meta name="twitter:label1" content="Durée de lecture estimée" />
	<meta name="twitter:data1" content="3 minutes" />
<script type="application/ld+json" class="yoast-schema-graph">{"@context":"https:\/\/schema.org","@graph":[{"@type":"WebPage","@id":"https:\/\/www.highnoon.art\/impressum\/","url":"https:\/\/www.highnoon.art\/impressum\/","name":"Impressum - High Noon","isPartOf":{"@id":"https:\/\/www.highnoon.art\/#website"},"datePublished":"2020-12-19T22:19:59+00:00","dateModified":"2025-04-05T01:38:10+00:00","breadcrumb":{"@id":"https:\/\/www.highnoon.art\/impressum\/#breadcrumb"},"inLanguage":"fr-FR","potentialAction":[{"@type":"ReadAction","target":["https:\/\/www.highnoon.art\/impressum\/"]}]},{"@type":"BreadcrumbList","@id":"https:\/\/www.highnoon.art\/impressum\/#breadcrumb","itemListElement":[{"@type":"ListItem","position":1,"name":"Startseite","item":"https:\/\/www.highnoon.art\/"},{"@type":"ListItem","position":2,"name":"Impressum"}]},{"@type":"WebSite","@id":"https:\/\/www.highnoon.art\/#website","url":"https:\/\/www.highnoon.art\/","name":"High Noon","description":"","publisher":{"@id":"https:\/\/www.highnoon.art\/#organization"},"potentialAction":[{"@type":"SearchAction","target":{"@type":"EntryPoint","urlTemplate":"https:\/\/www.highnoon.art\/?s={search_term_string}"},"query-input":{"@type":"PropertyValueSpecification","valueRequired":true,"valueName":"search_term_string"}}],"inLanguage":"fr-FR"},{"@type":"Organization","@id":"https:\/\/www.highnoon.art\/#organization","name":"High Noon","url":"https:\/\/www.highnoon.art\/","logo":{"@type":"ImageObject","inLanguage":"fr-FR","@id":"https:\/\/www.highnoon.art\/#\/schema\/logo\/image\/","url":"https:\/\/www.highnoon.art\/wp-content\/uploads\/2021\/07\/high-noon_white_moved.jpg","contentUrl":"https:\/\/www.highnoon.art\/wp-content\/uploads\/2021\/07\/high-noon_white_moved.jpg","width":1137,"height":159,"caption":"High Noon"},"image":{"@id":"https:\/\/www.highnoon.art\/#\/schema\/logo\/image\/"}}]}</script>
<!-- / Yoast SEO plugin. -->

Mentions légales - High Noon
